{"id":117,"date":"2023-12-27T05:33:12","date_gmt":"2023-12-27T04:33:12","guid":{"rendered":"https:\/\/laforetdessaveurs.fr\/?post_type=product&#038;p=117"},"modified":"2023-12-27T05:33:12","modified_gmt":"2023-12-27T04:33:12","slug":"citron-caviar-sunshine-yellow","status":"publish","type":"product","link":"https:\/\/laforetdessaveurs.fr\/index.php\/produit\/citron-caviar-sunshine-yellow\/","title":{"rendered":"Citron Caviar \u00ab\u00a0Sunshine Yellow\u00a0\u00bb"},"content":{"rendered":"<h1><\/h1>\n<p><em>Microcitrus australasica<\/em><\/p>\n<p>Ce citronnier se distingue par son fruit \u00e9troit et allong\u00e9 rempli de petites billes jaunes peu grain\u00e9es, offrant un jus citronn\u00e9 aux notes l\u00e9g\u00e8res de pamplemousse et une peau fine, verte-brune et parfum\u00e9e. L&#8217;arbre, peu vigoureux mais dens\u00e9ment productif, convient parfaitement \u00e0 la culture en pot et peut fleurir et fructifier plusieurs fois par an. R\u00e9serv\u00e9 aux climats doux pour une culture en pleine terre, il tol\u00e8re de courtes p\u00e9riodes de gel jusqu&#8217;\u00e0 environ -5\u00b0C\/-6\u00b0C.<\/p>\n","protected":false},"excerpt":{"rendered":"<p>Ce citronnier se distingue par son fruit \u00e9troit et allong\u00e9 rempli de petites billes jaunes peu grain\u00e9es, offrant un jus citronn\u00e9 aux notes l\u00e9g\u00e8res de pamplemousse et une peau fine, verte-brune et parfum\u00e9e. L&#8217;arbre, peu vigoureux mais dens\u00e9ment productif, convient parfaitement \u00e0 la culture en pot et peut fleurir et fructifier plusieurs fois par an. R\u00e9serv\u00e9 aux climats doux pour une culture en pleine terre, il tol\u00e8re de courtes p\u00e9riodes de gel jusqu&#8217;\u00e0 environ -5\u00b0C\/-6\u00b0C.<\/p>\n<p>Rusticit\u00e9 : -5\/-6\u00b0C<\/p>\n<p>R\u00e9colte : 4 saisons<\/p>\n","protected":false},"featured_media":122,"template":"","meta":{"site-sidebar-layout":"default","site-content-layout":"","ast-site-content-layout":"default","site-content-style":"default","site-sidebar-style":"default","ast-global-header-display":"","ast-banner-title-visibility":"","ast-main-header-display":"","ast-hfb-above-header-display":"","ast-hfb-below-header-display":"","ast-hfb-mobile-header-display":"","site-post-title":"","ast-breadcrumbs-content":"","ast-featured-img":"","footer-sml-layout":"","theme-transparent-header-meta":"default","adv-header-id-meta":"","stick-header-meta":"","header-above-stick-meta":"","header-main-stick-meta":"","header-below-stick-meta":"","astra-migrate-meta-layouts":"set","ast-page-background-enabled":"default","ast-page-background-meta":{"desktop":{"background-color":"var(--ast-global-color-4)","background-image":"","background-repeat":"repeat","background-position":"center center","background-size":"auto","background-attachment":"scroll","background-type":"","background-media":"","overlay-type":"","overlay-color":"","overlay-gradient":""},"tablet":{"background-color":"","background-image":"","background-repeat":"repeat","background-position":"center center","background-size":"auto","background-attachment":"scroll","background-type":"","background-media":"","overlay-type":"","overlay-color":"","overlay-gradient":""},"mobile":{"background-color":"","background-image":"","background-repeat":"repeat","background-position":"center center","background-size":"auto","background-attachment":"scroll","background-type":"","background-media":"","overlay-type":"","overlay-color":"","overlay-gradient":""}},"ast-content-background-meta":{"desktop":{"background-color":"var(--ast-global-color-5)","background-image":"","background-repeat":"repeat","background-position":"center center","background-size":"auto","background-attachment":"scroll","background-type":"","background-media":"","overlay-type":"","overlay-color":"","overlay-gradient":""},"tablet":{"background-color":"var(--ast-global-color-5)","background-image":"","background-repeat":"repeat","background-position":"center center","background-size":"auto","background-attachment":"scroll","background-type":"","background-media":"","overlay-type":"","overlay-color":"","overlay-gradient":""},"mobile":{"background-color":"var(--ast-global-color-5)","background-image":"","background-repeat":"repeat","background-position":"center center","background-size":"auto","background-attachment":"scroll","background-type":"","background-media":"","overlay-type":"","overlay-color":"","overlay-gradient":""}}},"product_cat":[22],"product_tag":[],"class_list":{"0":"post-117","1":"product","2":"type-product","3":"status-publish","4":"has-post-thumbnail","6":"product_cat-citron-caviar","7":"desktop-align-left","8":"tablet-align-left","9":"mobile-align-left","11":"first","12":"outofstock","13":"shipping-taxable","14":"purchasable","15":"product-type-variable"},"jetpack_sharing_enabled":true,"_links":{"self":[{"href":"https:\/\/laforetdessaveurs.fr\/index.php\/wp-json\/wp\/v2\/product\/117","targetHints":{"allow":["GET"]}}],"collection":[{"href":"https:\/\/laforetdessaveurs.fr\/index.php\/wp-json\/wp\/v2\/product"}],"about":[{"href":"https:\/\/laforetdessaveurs.fr\/index.php\/wp-json\/wp\/v2\/types\/product"}],"wp:featuredmedia":[{"embeddable":true,"href":"https:\/\/laforetdessaveurs.fr\/index.php\/wp-json\/wp\/v2\/media\/122"}],"wp:attachment":[{"href":"https:\/\/laforetdessaveurs.fr\/index.php\/wp-json\/wp\/v2\/media?parent=117"}],"wp:term":[{"taxonomy":"product_cat","embeddable":true,"href":"https:\/\/laforetdessaveurs.fr\/index.php\/wp-json\/wp\/v2\/product_cat?post=117"},{"taxonomy":"product_tag","embeddable":true,"href":"https:\/\/laforetdessaveurs.fr\/index.php\/wp-json\/wp\/v2\/product_tag?post=117"}],"curies":[{"name":"wp","href":"https:\/\/api.w.org\/{rel}","templated":true}]}}