{"id":147,"date":"2023-12-27T06:20:43","date_gmt":"2023-12-27T05:20:43","guid":{"rendered":"https:\/\/laforetdessaveurs.fr\/?post_type=product&#038;p=147"},"modified":"2023-12-29T20:07:56","modified_gmt":"2023-12-29T19:07:56","slug":"citradia-139","status":"publish","type":"product","link":"https:\/\/laforetdessaveurs.fr\/index.php\/produit\/citradia-139\/","title":{"rendered":"Citradia 139"},"content":{"rendered":"<p>Le Citradia 139 est un hybride de poncirus qui combine la rusticit\u00e9 du poncirus avec des caract\u00e9ristiques de citron. Cet arbre, assez vigoureux et pr\u00e9coce avec une r\u00e9colte d\u00e8s octobre, se distingue par sa grande rusticit\u00e9, capable de r\u00e9sister jusqu&#8217;\u00e0 -12\u00b0C, ce qui en fait un excellent choix pour les climats froids. Les fruits du Citradia 139 pr\u00e9sentent une peau jaune \u00e0 jaune orang\u00e9, l\u00e9g\u00e8rement grumeleuse et dot\u00e9e d&#8217;une \u00e9paisseur pouvant atteindre 1 cm. Les zestes de ces fruits sont tr\u00e8s aromatiques, rappelant le Meyer, tandis que le jus est \u00e9tonnamment doux pour un citron. La chair est ferme et juteuse, et il n\u2019y a presque pas de p\u00e9pins. La p\u00e9riode de maturit\u00e9 s&#8217;\u00e9tend d\u2019octobre \u00e0 novembre, offrant une utilisation polyvalente. En octobre, le fruit peut \u00eatre utilis\u00e9 lorsqu&#8217;il est encore vert, comme un vrai citron, tandis que sa couleur devient progressivement plus jaune, ce qui s&#8217;accompagne d&#8217;une diminution de l&#8217;acidit\u00e9. Les fruits peuvent \u00e9galement rester longtemps sur l&#8217;arbre, ce qui en fait une option attrayante pour les jardiniers cherchant une source continue de citrons frais.<\/p>\n","protected":false},"excerpt":{"rendered":"<p>Le Citradia 139 est un hybride de poncirus qui combine la rusticit\u00e9 du poncirus avec des caract\u00e9ristiques de citron. Cet arbre, assez vigoureux et pr\u00e9coce avec une r\u00e9colte d\u00e8s octobre, se distingue par sa grande rusticit\u00e9, capable de r\u00e9sister jusqu&#8217;\u00e0 -12\u00b0C, ce qui en fait un excellent choix pour les climats froids. Les fruits du Citradia 139 pr\u00e9sentent une peau jaune \u00e0 jaune orang\u00e9, l\u00e9g\u00e8rement grumeleuse et dot\u00e9e d&#8217;une \u00e9paisseur pouvant atteindre 1 cm. Les zestes de ces fruits sont tr\u00e8s aromatiques, rappelant le Meyer, tandis que le jus est \u00e9tonnamment doux pour un citron. La chair est ferme et juteuse, et il n\u2019y a presque pas de p\u00e9pins. La p\u00e9riode de maturit\u00e9 s&#8217;\u00e9tend d\u2019octobre \u00e0 novembre, offrant une utilisation polyvalente. En octobre, le fruit peut \u00eatre utilis\u00e9 lorsqu&#8217;il est encore vert, comme un vrai citron, tandis que sa couleur devient progressivement plus jaune, ce qui s&#8217;accompagne d&#8217;une diminution de l&#8217;acidit\u00e9. Les fruits peuvent \u00e9galement rester longtemps sur l&#8217;arbre, ce qui en fait une option attrayante pour les jardiniers cherchant une source continue de citrons frais.<\/p>\n","protected":false},"featured_media":0,"template":"","meta":{"site-sidebar-layout":"default","site-content-layout":"","ast-site-content-layout":"default","site-content-style":"default","site-sidebar-style":"default","ast-global-header-display":"","ast-banner-title-visibility":"","ast-main-header-display":"","ast-hfb-above-header-display":"","ast-hfb-below-header-display":"","ast-hfb-mobile-header-display":"","site-post-title":"","ast-breadcrumbs-content":"","ast-featured-img":"","footer-sml-layout":"","theme-transparent-header-meta":"default","adv-header-id-meta":"","stick-header-meta":"","header-above-stick-meta":"","header-main-stick-meta":"","header-below-stick-meta":"","astra-migrate-meta-layouts":"set","ast-page-background-enabled":"default","ast-page-background-meta":{"desktop":{"background-color":"var(--ast-global-color-4)","background-image":"","background-repeat":"repeat","background-position":"center center","background-size":"auto","background-attachment":"scroll","background-type":"","background-media":"","overlay-type":"","overlay-color":"","overlay-gradient":""},"tablet":{"background-color":"","background-image":"","background-repeat":"repeat","background-position":"center center","background-size":"auto","background-attachment":"scroll","background-type":"","background-media":"","overlay-type":"","overlay-color":"","overlay-gradient":""},"mobile":{"background-color":"","background-image":"","background-repeat":"repeat","background-position":"center center","background-size":"auto","background-attachment":"scroll","background-type":"","background-media":"","overlay-type":"","overlay-color":"","overlay-gradient":""}},"ast-content-background-meta":{"desktop":{"background-color":"var(--ast-global-color-5)","background-image":"","background-repeat":"repeat","background-position":"center center","background-size":"auto","background-attachment":"scroll","background-type":"","background-media":"","overlay-type":"","overlay-color":"","overlay-gradient":""},"tablet":{"background-color":"var(--ast-global-color-5)","background-image":"","background-repeat":"repeat","background-position":"center center","background-size":"auto","background-attachment":"scroll","background-type":"","background-media":"","overlay-type":"","overlay-color":"","overlay-gradient":""},"mobile":{"background-color":"var(--ast-global-color-5)","background-image":"","background-repeat":"repeat","background-position":"center center","background-size":"auto","background-attachment":"scroll","background-type":"","background-media":"","overlay-type":"","overlay-color":"","overlay-gradient":""}}},"product_cat":[26],"product_tag":[],"class_list":{"0":"post-147","1":"product","2":"type-product","3":"status-publish","5":"product_cat-citron","6":"desktop-align-left","7":"tablet-align-left","8":"mobile-align-left","10":"first","11":"outofstock","12":"shipping-taxable","13":"purchasable","14":"product-type-variable"},"jetpack_sharing_enabled":true,"_links":{"self":[{"href":"https:\/\/laforetdessaveurs.fr\/index.php\/wp-json\/wp\/v2\/product\/147","targetHints":{"allow":["GET"]}}],"collection":[{"href":"https:\/\/laforetdessaveurs.fr\/index.php\/wp-json\/wp\/v2\/product"}],"about":[{"href":"https:\/\/laforetdessaveurs.fr\/index.php\/wp-json\/wp\/v2\/types\/product"}],"wp:attachment":[{"href":"https:\/\/laforetdessaveurs.fr\/index.php\/wp-json\/wp\/v2\/media?parent=147"}],"wp:term":[{"taxonomy":"product_cat","embeddable":true,"href":"https:\/\/laforetdessaveurs.fr\/index.php\/wp-json\/wp\/v2\/product_cat?post=147"},{"taxonomy":"product_tag","embeddable":true,"href":"https:\/\/laforetdessaveurs.fr\/index.php\/wp-json\/wp\/v2\/product_tag?post=147"}],"curies":[{"name":"wp","href":"https:\/\/api.w.org\/{rel}","templated":true}]}}