{"id":201,"date":"2023-12-27T16:25:26","date_gmt":"2023-12-27T15:25:26","guid":{"rendered":"https:\/\/laforetdessaveurs.fr\/?post_type=product&#038;p=201"},"modified":"2023-12-27T16:34:46","modified_gmt":"2023-12-27T15:34:46","slug":"citron-meyer","status":"publish","type":"product","link":"https:\/\/laforetdessaveurs.fr\/index.php\/produit\/citron-meyer\/","title":{"rendered":"Citron Meyer"},"content":{"rendered":"<div class=\"rey-productTitle-wrapper\">\n<p><em>Citrus meyeri<\/em><\/p>\n<p>Originaire d\u2019Asie, le Citron Meyer est un hybride entre un citron et un oranger. Arbre vigoureux, il r\u00e9v\u00e8le une grande productivit\u00e9 avec plusieurs floraisons par an. Ses fruits, d&#8217;une beaut\u00e9 sublime et d&#8217;une d\u00e9licatesse exceptionnelle, se distinguent par leur forme ronde, leur couleur jaune orang\u00e9 et une peau fine. L&#8217;\u00e9corce, riche en huile essentielle, exhale un parfum envo\u00fbtant de citron, de lime et de mandarine. La pulpe, incroyablement juteuse, offre une exp\u00e9rience moins acide que les citrons traditionnels. Tr\u00e8s appr\u00e9ci\u00e9 en cuisine.<\/p>\n<\/div>\n<p>Rusticit\u00e9 : -8\u00b0C<\/p>\n<p>R\u00e9colte : novembre \u00e0 janvier<\/p>\n","protected":false},"excerpt":{"rendered":"<p>Originaire d\u2019Asie, le Citron Meyer est un hybride entre un citron et un oranger. Arbre vigoureux, il r\u00e9v\u00e8le une grande productivit\u00e9 avec plusieurs floraisons par an. Ses fruits, d&#8217;une beaut\u00e9 sublime et d&#8217;une d\u00e9licatesse exceptionnelle, se distinguent par leur forme ronde, leur couleur jaune orang\u00e9 et une peau fine. L&#8217;\u00e9corce, riche en huile essentielle, exhale un parfum envo\u00fbtant de citron, de lime et de mandarine. La pulpe, incroyablement juteuse, offre une exp\u00e9rience moins acide que les citrons traditionnels. Tr\u00e8s appr\u00e9ci\u00e9 en cuisine.<\/p>\n","protected":false},"featured_media":206,"template":"","meta":{"site-sidebar-layout":"default","site-content-layout":"","ast-site-content-layout":"default","site-content-style":"default","site-sidebar-style":"default","ast-global-header-display":"","ast-banner-title-visibility":"","ast-main-header-display":"","ast-hfb-above-header-display":"","ast-hfb-below-header-display":"","ast-hfb-mobile-header-display":"","site-post-title":"","ast-breadcrumbs-content":"","ast-featured-img":"","footer-sml-layout":"","theme-transparent-header-meta":"default","adv-header-id-meta":"","stick-header-meta":"","header-above-stick-meta":"","header-main-stick-meta":"","header-below-stick-meta":"","astra-migrate-meta-layouts":"set","ast-page-background-enabled":"default","ast-page-background-meta":{"desktop":{"background-color":"var(--ast-global-color-4)","background-image":"","background-repeat":"repeat","background-position":"center center","background-size":"auto","background-attachment":"scroll","background-type":"","background-media":"","overlay-type":"","overlay-color":"","overlay-gradient":""},"tablet":{"background-color":"","background-image":"","background-repeat":"repeat","background-position":"center center","background-size":"auto","background-attachment":"scroll","background-type":"","background-media":"","overlay-type":"","overlay-color":"","overlay-gradient":""},"mobile":{"background-color":"","background-image":"","background-repeat":"repeat","background-position":"center center","background-size":"auto","background-attachment":"scroll","background-type":"","background-media":"","overlay-type":"","overlay-color":"","overlay-gradient":""}},"ast-content-background-meta":{"desktop":{"background-color":"var(--ast-global-color-5)","background-image":"","background-repeat":"repeat","background-position":"center center","background-size":"auto","background-attachment":"scroll","background-type":"","background-media":"","overlay-type":"","overlay-color":"","overlay-gradient":""},"tablet":{"background-color":"var(--ast-global-color-5)","background-image":"","background-repeat":"repeat","background-position":"center center","background-size":"auto","background-attachment":"scroll","background-type":"","background-media":"","overlay-type":"","overlay-color":"","overlay-gradient":""},"mobile":{"background-color":"var(--ast-global-color-5)","background-image":"","background-repeat":"repeat","background-position":"center center","background-size":"auto","background-attachment":"scroll","background-type":"","background-media":"","overlay-type":"","overlay-color":"","overlay-gradient":""}}},"product_cat":[26],"product_tag":[],"class_list":{"0":"post-201","1":"product","2":"type-product","3":"status-publish","4":"has-post-thumbnail","6":"product_cat-citron","7":"desktop-align-left","8":"tablet-align-left","9":"mobile-align-left","11":"first","12":"outofstock","13":"shipping-taxable","14":"purchasable","15":"product-type-variable"},"jetpack_sharing_enabled":true,"_links":{"self":[{"href":"https:\/\/laforetdessaveurs.fr\/index.php\/wp-json\/wp\/v2\/product\/201","targetHints":{"allow":["GET"]}}],"collection":[{"href":"https:\/\/laforetdessaveurs.fr\/index.php\/wp-json\/wp\/v2\/product"}],"about":[{"href":"https:\/\/laforetdessaveurs.fr\/index.php\/wp-json\/wp\/v2\/types\/product"}],"wp:featuredmedia":[{"embeddable":true,"href":"https:\/\/laforetdessaveurs.fr\/index.php\/wp-json\/wp\/v2\/media\/206"}],"wp:attachment":[{"href":"https:\/\/laforetdessaveurs.fr\/index.php\/wp-json\/wp\/v2\/media?parent=201"}],"wp:term":[{"taxonomy":"product_cat","embeddable":true,"href":"https:\/\/laforetdessaveurs.fr\/index.php\/wp-json\/wp\/v2\/product_cat?post=201"},{"taxonomy":"product_tag","embeddable":true,"href":"https:\/\/laforetdessaveurs.fr\/index.php\/wp-json\/wp\/v2\/product_tag?post=201"}],"curies":[{"name":"wp","href":"https:\/\/api.w.org\/{rel}","templated":true}]}}