{"id":207,"date":"2023-12-27T16:35:50","date_gmt":"2023-12-27T15:35:50","guid":{"rendered":"https:\/\/laforetdessaveurs.fr\/?post_type=product&#038;p=207"},"modified":"2023-12-27T16:57:50","modified_gmt":"2023-12-27T15:57:50","slug":"clemenules","status":"publish","type":"product","link":"https:\/\/laforetdessaveurs.fr\/index.php\/produit\/clemenules\/","title":{"rendered":"Cl\u00e9menules"},"content":{"rendered":"<div class=\"rey-productTitle-wrapper\">\n<p><em>Citrus clementina<\/em><\/p>\n<p>La Clemenules (originaire de Nules en espagne), est issu mutation de la cl\u00e9mentine fine. Vigoureux et productif, l&#8217;arbre offre des cl\u00e9mentines tr\u00e8s sucr\u00e9es apr\u00e8s les premiers froids, restant sur l&#8217;arbre jusqu&#8217;en f\u00e9vrier sans perdre en qualit\u00e9. C&#8217;est une vari\u00e9t\u00e9 tr\u00e8s classique de cl\u00e9mentine mais particuli\u00e8rement d\u00e9licieuse. Faciles \u00e0 peler, ces cl\u00e9mentines l\u00e9g\u00e8rement oranges offrent un \u00e9quilibre parfait entre acidit\u00e9 et sucre. Utilis\u00e9es en d\u00e9gustation, cuisine et p\u00e2tisserie. Le plant est tr\u00e8s r\u00e9sistant au froid jusqu&#8217;\u00e0 -8\u00b0C.<\/p>\n<\/div>\n","protected":false},"excerpt":{"rendered":"<p>La Clemenules (originaire de Nules en espagne), est issu mutation de la cl\u00e9mentine fine. Vigoureux et productif, l&#8217;arbre offre des cl\u00e9mentines tr\u00e8s sucr\u00e9es apr\u00e8s les premiers froids, restant sur l&#8217;arbre jusqu&#8217;en f\u00e9vrier sans perdre en qualit\u00e9. C&#8217;est une vari\u00e9t\u00e9 tr\u00e8s classique de cl\u00e9mentine mais particuli\u00e8rement d\u00e9licieuse. Faciles \u00e0 peler, ces cl\u00e9mentines l\u00e9g\u00e8rement oranges offrent un \u00e9quilibre parfait entre acidit\u00e9 et sucre. Utilis\u00e9es en d\u00e9gustation, cuisine et p\u00e2tisserie. Le plant est tr\u00e8s r\u00e9sistant au froid jusqu&#8217;\u00e0 -8\u00b0C.<\/p>\n","protected":false},"featured_media":213,"template":"","meta":{"site-sidebar-layout":"default","site-content-layout":"","ast-site-content-layout":"default","site-content-style":"default","site-sidebar-style":"default","ast-global-header-display":"","ast-banner-title-visibility":"","ast-main-header-display":"","ast-hfb-above-header-display":"","ast-hfb-below-header-display":"","ast-hfb-mobile-header-display":"","site-post-title":"","ast-breadcrumbs-content":"","ast-featured-img":"","footer-sml-layout":"","theme-transparent-header-meta":"default","adv-header-id-meta":"","stick-header-meta":"","header-above-stick-meta":"","header-main-stick-meta":"","header-below-stick-meta":"","astra-migrate-meta-layouts":"set","ast-page-background-enabled":"default","ast-page-background-meta":{"desktop":{"background-color":"var(--ast-global-color-4)","background-image":"","background-repeat":"repeat","background-position":"center center","background-size":"auto","background-attachment":"scroll","background-type":"","background-media":"","overlay-type":"","overlay-color":"","overlay-gradient":""},"tablet":{"background-color":"","background-image":"","background-repeat":"repeat","background-position":"center center","background-size":"auto","background-attachment":"scroll","background-type":"","background-media":"","overlay-type":"","overlay-color":"","overlay-gradient":""},"mobile":{"background-color":"","background-image":"","background-repeat":"repeat","background-position":"center center","background-size":"auto","background-attachment":"scroll","background-type":"","background-media":"","overlay-type":"","overlay-color":"","overlay-gradient":""}},"ast-content-background-meta":{"desktop":{"background-color":"var(--ast-global-color-5)","background-image":"","background-repeat":"repeat","background-position":"center center","background-size":"auto","background-attachment":"scroll","background-type":"","background-media":"","overlay-type":"","overlay-color":"","overlay-gradient":""},"tablet":{"background-color":"var(--ast-global-color-5)","background-image":"","background-repeat":"repeat","background-position":"center center","background-size":"auto","background-attachment":"scroll","background-type":"","background-media":"","overlay-type":"","overlay-color":"","overlay-gradient":""},"mobile":{"background-color":"var(--ast-global-color-5)","background-image":"","background-repeat":"repeat","background-position":"center center","background-size":"auto","background-attachment":"scroll","background-type":"","background-media":"","overlay-type":"","overlay-color":"","overlay-gradient":""}}},"product_cat":[25],"product_tag":[],"class_list":{"0":"post-207","1":"product","2":"type-product","3":"status-publish","4":"has-post-thumbnail","6":"product_cat-clementine-mandarine","7":"desktop-align-left","8":"tablet-align-left","9":"mobile-align-left","11":"first","12":"outofstock","13":"shipping-taxable","14":"purchasable","15":"product-type-variable"},"jetpack_sharing_enabled":true,"_links":{"self":[{"href":"https:\/\/laforetdessaveurs.fr\/index.php\/wp-json\/wp\/v2\/product\/207","targetHints":{"allow":["GET"]}}],"collection":[{"href":"https:\/\/laforetdessaveurs.fr\/index.php\/wp-json\/wp\/v2\/product"}],"about":[{"href":"https:\/\/laforetdessaveurs.fr\/index.php\/wp-json\/wp\/v2\/types\/product"}],"wp:featuredmedia":[{"embeddable":true,"href":"https:\/\/laforetdessaveurs.fr\/index.php\/wp-json\/wp\/v2\/media\/213"}],"wp:attachment":[{"href":"https:\/\/laforetdessaveurs.fr\/index.php\/wp-json\/wp\/v2\/media?parent=207"}],"wp:term":[{"taxonomy":"product_cat","embeddable":true,"href":"https:\/\/laforetdessaveurs.fr\/index.php\/wp-json\/wp\/v2\/product_cat?post=207"},{"taxonomy":"product_tag","embeddable":true,"href":"https:\/\/laforetdessaveurs.fr\/index.php\/wp-json\/wp\/v2\/product_tag?post=207"}],"curies":[{"name":"wp","href":"https:\/\/api.w.org\/{rel}","templated":true}]}}