{"id":279,"date":"2023-12-29T07:18:31","date_gmt":"2023-12-29T06:18:31","guid":{"rendered":"https:\/\/laforetdessaveurs.fr\/?post_type=product&#038;p=279"},"modified":"2023-12-29T07:20:31","modified_gmt":"2023-12-29T06:20:31","slug":"satsumaowari","status":"publish","type":"product","link":"https:\/\/laforetdessaveurs.fr\/index.php\/produit\/satsumaowari\/","title":{"rendered":"Satsuma Owari"},"content":{"rendered":"<div class=\"rey-productTitle-wrapper\">\n<div class=\"rey-productTitle-wrapper\">\n<h1><\/h1>\n<p><em>Citrus unshiu<\/em><\/p>\n<p>Grand classique des agrumes rustiques, la Satsuma Owari est une vari\u00e9t\u00e9 de mandarine japonaise appr\u00e9ci\u00e9e pour ses gros fruits. Ils peuvent \u00eatre consomm\u00e9s verts pour une touche acidul\u00e9e ou m\u00fbrs pour une saveur plus douce. La r\u00e9colte s&#8217;\u00e9tend d\u2019octobre \u00e0 d\u00e9cembre. Les fruits sont de taille moyenne, pesant entre 100 et 200 grammes. L&#8217;arbre, sans \u00e9pines, est r\u00e9sistant au froid, capable de supporter des temp\u00e9ratures aussi basses que -10\/-12\u00b0C. La Satsuma Owari est une vari\u00e9t\u00e9 tr\u00e8s populaire au Japon en raison de sa productivit\u00e9 et de sa polyvalence culinaire.<\/p>\n<\/div>\n<\/div>\n","protected":false},"excerpt":{"rendered":"<p>Grand classique des agrumes rustiques, la Satsuma Owari est une vari\u00e9t\u00e9 de mandarine japonaise appr\u00e9ci\u00e9e pour ses gros fruits. Ils peuvent \u00eatre consomm\u00e9s verts pour une touche acidul\u00e9e ou m\u00fbrs pour une saveur plus douce. La r\u00e9colte s&#8217;\u00e9tend d\u2019octobre \u00e0 d\u00e9cembre. Les fruits sont de taille moyenne, pesant entre 100 et 200 grammes. L&#8217;arbre, sans \u00e9pines, est r\u00e9sistant au froid, capable de supporter des temp\u00e9ratures aussi basses que -10\/-12\u00b0C. La Satsuma Owari est une vari\u00e9t\u00e9 tr\u00e8s populaire au Japon en raison de sa productivit\u00e9 et de sa polyvalence culinaire.<\/p>\n","protected":false},"featured_media":0,"template":"","meta":{"site-sidebar-layout":"default","site-content-layout":"","ast-site-content-layout":"default","site-content-style":"default","site-sidebar-style":"default","ast-global-header-display":"","ast-banner-title-visibility":"","ast-main-header-display":"","ast-hfb-above-header-display":"","ast-hfb-below-header-display":"","ast-hfb-mobile-header-display":"","site-post-title":"","ast-breadcrumbs-content":"","ast-featured-img":"","footer-sml-layout":"","theme-transparent-header-meta":"default","adv-header-id-meta":"","stick-header-meta":"","header-above-stick-meta":"","header-main-stick-meta":"","header-below-stick-meta":"","astra-migrate-meta-layouts":"set","ast-page-background-enabled":"default","ast-page-background-meta":{"desktop":{"background-color":"var(--ast-global-color-4)","background-image":"","background-repeat":"repeat","background-position":"center center","background-size":"auto","background-attachment":"scroll","background-type":"","background-media":"","overlay-type":"","overlay-color":"","overlay-gradient":""},"tablet":{"background-color":"","background-image":"","background-repeat":"repeat","background-position":"center center","background-size":"auto","background-attachment":"scroll","background-type":"","background-media":"","overlay-type":"","overlay-color":"","overlay-gradient":""},"mobile":{"background-color":"","background-image":"","background-repeat":"repeat","background-position":"center center","background-size":"auto","background-attachment":"scroll","background-type":"","background-media":"","overlay-type":"","overlay-color":"","overlay-gradient":""}},"ast-content-background-meta":{"desktop":{"background-color":"var(--ast-global-color-5)","background-image":"","background-repeat":"repeat","background-position":"center center","background-size":"auto","background-attachment":"scroll","background-type":"","background-media":"","overlay-type":"","overlay-color":"","overlay-gradient":""},"tablet":{"background-color":"var(--ast-global-color-5)","background-image":"","background-repeat":"repeat","background-position":"center center","background-size":"auto","background-attachment":"scroll","background-type":"","background-media":"","overlay-type":"","overlay-color":"","overlay-gradient":""},"mobile":{"background-color":"var(--ast-global-color-5)","background-image":"","background-repeat":"repeat","background-position":"center center","background-size":"auto","background-attachment":"scroll","background-type":"","background-media":"","overlay-type":"","overlay-color":"","overlay-gradient":""}}},"product_cat":[25],"product_tag":[],"class_list":{"0":"post-279","1":"product","2":"type-product","3":"status-publish","5":"product_cat-clementine-mandarine","6":"desktop-align-left","7":"tablet-align-left","8":"mobile-align-left","10":"first","11":"outofstock","12":"shipping-taxable","13":"purchasable","14":"product-type-variable"},"jetpack_sharing_enabled":true,"_links":{"self":[{"href":"https:\/\/laforetdessaveurs.fr\/index.php\/wp-json\/wp\/v2\/product\/279","targetHints":{"allow":["GET"]}}],"collection":[{"href":"https:\/\/laforetdessaveurs.fr\/index.php\/wp-json\/wp\/v2\/product"}],"about":[{"href":"https:\/\/laforetdessaveurs.fr\/index.php\/wp-json\/wp\/v2\/types\/product"}],"wp:attachment":[{"href":"https:\/\/laforetdessaveurs.fr\/index.php\/wp-json\/wp\/v2\/media?parent=279"}],"wp:term":[{"taxonomy":"product_cat","embeddable":true,"href":"https:\/\/laforetdessaveurs.fr\/index.php\/wp-json\/wp\/v2\/product_cat?post=279"},{"taxonomy":"product_tag","embeddable":true,"href":"https:\/\/laforetdessaveurs.fr\/index.php\/wp-json\/wp\/v2\/product_tag?post=279"}],"curies":[{"name":"wp","href":"https:\/\/api.w.org\/{rel}","templated":true}]}}