{"id":97,"date":"2023-12-25T08:21:34","date_gmt":"2023-12-25T07:21:34","guid":{"rendered":"https:\/\/laforetdessaveurs.fr\/?post_type=product&#038;p=97"},"modified":"2023-12-25T08:21:35","modified_gmt":"2023-12-25T07:21:35","slug":"citron-caviar-pink-ice","status":"publish","type":"product","link":"https:\/\/laforetdessaveurs.fr\/index.php\/produit\/citron-caviar-pink-ice\/","title":{"rendered":"Citron Caviar \u201cPink Ice\u201d"},"content":{"rendered":"<h1><\/h1>\n<p><em>Microcitrus australasica<\/em><\/p>\n<p><strong>\u00a0<\/strong>Agrume tr\u00e8s \u00e9tonnant par sa forme et sa texture. Ses fruits, de petites perles juteuses rappelant la forme du caviar, \u00e9clatent sous la dent lib\u00e9rant une explosion de saveur acidul\u00e9e, cr\u00e9e une exp\u00e9rience culinaire inoubliable. Tr\u00e8s appr\u00e9ci\u00e9 des chefs, cet agrume rare peut s\u2019utiliser sur des fruits de mer, salade ou m\u00eame en dessert. Les perles de cette vari\u00e9t\u00e9 sont rose, aux ar\u00f4mes de pamplemousse.<\/p>\n<p>R\u00e9sistance : -5\u00b0C<\/p>\n<p>R\u00e9colte : octobre \u00e0 d\u00e9cembre<\/p>\n","protected":false},"excerpt":{"rendered":"<p><strong>\u00a0<\/strong>Agrume tr\u00e8s \u00e9tonnant par sa forme et sa texture. Ses fruits, de petites perles juteuses rappelant la forme du caviar, \u00e9clatent sous la dent lib\u00e9rant une explosion de saveur acidul\u00e9e, cr\u00e9e une exp\u00e9rience culinaire inoubliable. Tr\u00e8s appr\u00e9ci\u00e9 des chefs, cet agrume rare peut s\u2019utiliser sur des fruits de mer, salade ou m\u00eame en dessert. Les perles de cette vari\u00e9t\u00e9 sont roses, aux ar\u00f4mes de pamplemousse.<\/p>\n","protected":false},"featured_media":98,"template":"","meta":{"site-sidebar-layout":"default","site-content-layout":"","ast-site-content-layout":"default","site-content-style":"default","site-sidebar-style":"default","ast-global-header-display":"","ast-banner-title-visibility":"","ast-main-header-display":"","ast-hfb-above-header-display":"","ast-hfb-below-header-display":"","ast-hfb-mobile-header-display":"","site-post-title":"","ast-breadcrumbs-content":"","ast-featured-img":"","footer-sml-layout":"","theme-transparent-header-meta":"default","adv-header-id-meta":"","stick-header-meta":"","header-above-stick-meta":"","header-main-stick-meta":"","header-below-stick-meta":"","astra-migrate-meta-layouts":"set","ast-page-background-enabled":"default","ast-page-background-meta":{"desktop":{"background-color":"var(--ast-global-color-4)","background-image":"","background-repeat":"repeat","background-position":"center center","background-size":"auto","background-attachment":"scroll","background-type":"","background-media":"","overlay-type":"","overlay-color":"","overlay-gradient":""},"tablet":{"background-color":"","background-image":"","background-repeat":"repeat","background-position":"center center","background-size":"auto","background-attachment":"scroll","background-type":"","background-media":"","overlay-type":"","overlay-color":"","overlay-gradient":""},"mobile":{"background-color":"","background-image":"","background-repeat":"repeat","background-position":"center center","background-size":"auto","background-attachment":"scroll","background-type":"","background-media":"","overlay-type":"","overlay-color":"","overlay-gradient":""}},"ast-content-background-meta":{"desktop":{"background-color":"var(--ast-global-color-5)","background-image":"","background-repeat":"repeat","background-position":"center center","background-size":"auto","background-attachment":"scroll","background-type":"","background-media":"","overlay-type":"","overlay-color":"","overlay-gradient":""},"tablet":{"background-color":"var(--ast-global-color-5)","background-image":"","background-repeat":"repeat","background-position":"center center","background-size":"auto","background-attachment":"scroll","background-type":"","background-media":"","overlay-type":"","overlay-color":"","overlay-gradient":""},"mobile":{"background-color":"var(--ast-global-color-5)","background-image":"","background-repeat":"repeat","background-position":"center center","background-size":"auto","background-attachment":"scroll","background-type":"","background-media":"","overlay-type":"","overlay-color":"","overlay-gradient":""}}},"product_cat":[22],"product_tag":[],"class_list":{"0":"post-97","1":"product","2":"type-product","3":"status-publish","4":"has-post-thumbnail","6":"product_cat-citron-caviar","7":"desktop-align-left","8":"tablet-align-left","9":"mobile-align-left","11":"first","12":"outofstock","13":"shipping-taxable","14":"purchasable","15":"product-type-variable"},"jetpack_sharing_enabled":true,"_links":{"self":[{"href":"https:\/\/laforetdessaveurs.fr\/index.php\/wp-json\/wp\/v2\/product\/97","targetHints":{"allow":["GET"]}}],"collection":[{"href":"https:\/\/laforetdessaveurs.fr\/index.php\/wp-json\/wp\/v2\/product"}],"about":[{"href":"https:\/\/laforetdessaveurs.fr\/index.php\/wp-json\/wp\/v2\/types\/product"}],"wp:featuredmedia":[{"embeddable":true,"href":"https:\/\/laforetdessaveurs.fr\/index.php\/wp-json\/wp\/v2\/media\/98"}],"wp:attachment":[{"href":"https:\/\/laforetdessaveurs.fr\/index.php\/wp-json\/wp\/v2\/media?parent=97"}],"wp:term":[{"taxonomy":"product_cat","embeddable":true,"href":"https:\/\/laforetdessaveurs.fr\/index.php\/wp-json\/wp\/v2\/product_cat?post=97"},{"taxonomy":"product_tag","embeddable":true,"href":"https:\/\/laforetdessaveurs.fr\/index.php\/wp-json\/wp\/v2\/product_tag?post=97"}],"curies":[{"name":"wp","href":"https:\/\/api.w.org\/{rel}","templated":true}]}}